3150032 (base 6) to base 3
12000211120202
Convert -178a177 (base 13) to base 10.
-7676585
Convert 945684 (base 11) to base 13.
410a58
1974a6 (base 16) to base 2
110010111010010100110
Convert -303458 (base 9) to base 14.
-496c7
What is 10012220202 (base 3) in base 13?
22ac0
-144224 (base 10) to base 12
-6b568
Convert 12024632 (base 7) to base 2.
100000100000101110100
577755 (base 11) to base 14
19c770
-12201321 (base 6) to base 3
-201202210111
215152 (base 9) to base 8
372660
What is -a70eff (base 16) in base 8?
-51607377
Convert -bbc (base 16) to base 9.
-4107
What is 10002022200 (base 3) in base 7?
342042
-152042 (base 6) to base 16
-397a
What is -4318a9 (base 11) in base 15?
-d9915
Convert -4b4d6b (base 14) to base 2.
-1001110111101101100011
Convert -21504757 (base 8) to base 7.
-54202433
What is 11118a (base 15) in base 6?
25235134
-b91aa (base 14) to base 9
-752013
1551679 (base 13) to base 12
235423a
Convert 1103301101 (base 4) to base 10.
343121
What is -2a16651 (base 12) in base 8?
-40312435
What is 144233120 (base 5) in base 6?
24332024
What is -1011001000001110011100 (base 2) in base 14?
-55d20c
What is 12504121 (base 6) in base 12?
17b041
-30139e (base 16) to base 11
-1862229
What is -3720730 (base 9) in base 13?
-55a0ac
Convert -665127 (base 11) to base 16.
-10305d
Convert -101011011000100100 (base 2) to base 12.
-86a04
Convert 3246742 (base 9) to base 15.
24697e
Convert -390434b (base 13) to base 14.
-2522490
-b10e0 (base 16) to base 8
-2610340
11011000111011010 (base 2) to base 15
22d96
Convert 10001111110000100 (base 2) to base 3.
10201222002
What is -1142203 (base 9) in base 5?
-124241412
Convert -110101001101100110110011 (base 2) to base 12.
-480866b
47951 (base 10) to base 6
1005555
Convert -51110 (base 11) to base 5.
-4342133
Convert 21542773 (base 8) to base 13.
c651cb
134443 (base 10) to base 11
92011
-30302323 (base 4) to base 3
-2122220011
Convert -281ca32 (base 13) to base 9.
-25766475
What is 18b350 (base 15) in base 4?
10211201022
Convert 975a1 (base 11) to base 3.
21012111221
Convert 174996 (base 14) to base 11.
50a869
1010100100111111001 (base 2) to base 14
90465
Convert 90406 (base 12) to base 16.
2db46
Convert 1363532 (base 7) to base 5.
21340043
14550530 (base 6) to base 15
a1b13
Convert 1000011111000101000 (base 2) to base 12.
114ab4
Convert 81c54 (base 14) to base 3.
120212200000
What is 21321041 (base 5) in base 10?
182646
Convert -7d996 (base 16) to base 15.
-a266e
112221201101 (base 3) to base 14
79382
3b46b6 (base 14) to base 11
1179a66
What is -28ab52 (base 15) in base 11?
-1119686
Convert 169850 (base 14) to base 10.
794654
Convert 200042 (base 7) to base 10.
33644
Convert 1433a41 (base 12) to base 15.
5500cd
What is -28548cb (base 13) in base 3?
-220001010211222
What is 16324214 (base 8) in base 16?
39a88c
-2011012011010 (base 3) to base 7
-12510162
What is 53a5c5 (base 15) in base 4?
33030213002
Convert 9c000 (base 15) to base 2.
1111001000111111101
Convert 4ba0 (base 15) to base 2.
11111011111101
262016 (base 7) to base 5
3024334
120212200001222 (base 3) to base 10
8437499
-11201002 (base 3) to base 11
-263a
What is 3523041 (base 6) in base 13?
64b79
Convert 1d43d (base 14) to base 5.
4344202
7492 (base 14) to base 13
9209
-ae182 (base 15) to base 8
-2071567
1314120 (base 5) to base 8
63060
What is -21210205 (base 7) in base 3?
-10101111022021
What is -8137a (base 11) in base 5?
-12301114
What is 615031 (base 7) in base 16?
19a14
What is 15a02a4 (base 11) in base 8?
12307376
Convert 1112033 (base 7) to base 14.
381c3
-231312113120 (base 4) to base 5
-11034103120
-356 (base 10) to base 4
-11210
What is 1120121000 (base 4) in base 10?
362048
Convert -25460542 (base 8) to base 5.
-2422123101
Convert -a26d (base 16) to base 9.
-63031
Convert 112002121220 (base 3) to base 6.
5540340
Convert 4211023 (base 5) to base 8.
207611
Convert 803012 (base 9) to base 13.
13802c
What is 5883211 (base 11) in base 2?
100111001010101111000100
What is -1031202301 (base 4) in base 12?
-133981
What is 89a105 (base 11) in base 9?
2624483
-310031303 (base 4) to base 9
-355338
What is 221632135 (base 7) in base 5?
11412400033
Convert -417037 (base 8) to base 13.
-4b228
537a7 (base 12) to base 13
3b0b6
What is -44062c (base 14) in base 5?
-1042244201
Convert -222200020021 (base 3) to base 16.
-802f9
13188c7 (base 13) to base 5
3013111330
12440153 (base 6) to base 13
114591
Convert 143d60 (base 14) to base 12.
29a554
Convert -3ee8e (base 15) to base 2.
-110001011010101001
What is -1566106 (base 7) in base 14?
-5973d
Convert -18d26 (base 14) to base 13.
-22864
What is 111150301 (base 6) in base 12?
815391
Convert 321215035 (base 6) to base 11.
3218a3a
2524321 (base 7) to base 10
325669
Convert 43671 (base 15) to base 11.
13692a
Convert 1423014 (base 6) to base 13.
2ab47
What is 122160560 (base 7) in base 2?
11101010010101011011101
What is -34707032 (base 8) in base 3?
-112020202020011
Convert 1371827 (base 9) to base 11.
476a28
-7ddcb6 (base 16) to base 5
-4102423002
What is -366213 (base 7) in base 8?
-202661
What is 1014204 (base 5) in base 8?
40644
231330201202 (base 4) to base 3
211122220210101
What is 32312000322 (base 4) in base 7?
45034530
Convert -41866 (base 9) to base 13.
-c7a4
Convert 251141 (base 7) to base 13.
17c57
Convert 18e2d (base 15) to base 3.
11002212021
What is -744b2 (base 12) in base 15?
-303ee
101112110200221 (base 3) to base 5
2413133411
Convert -1201102110201 (base 3) to base 7.
-10524040
What is -50b92 (base 12) in base 10?
-105374
Convert -1362421 (base 7) to base 8.
-546115
Convert 100110101010000001 (base 2) to base 15.
31dac
Convert -1256232 (base 7) to base 15.
-3404c
1021000001001 (base 3) to base 11
4178aa
Convert -12312444 (base 5) to base 12.
-59371
What is 4314411 (base 5) in base 13?
27377
5405004 (base 6) to base 13
93aa8
Convert 2213003 (base 4) to base 14.
3c79
-10001010000100011110 (base 2) to base 6
-20042114
What is 3621667 (base 9) in base 15?
28b97a
432261 (base 9) to base 3
111002022001
-13231662 (base 7) to base 10
-1217988
2314706 (base 8) to base 11
39a7a1
Convert -11207272 (base 8) to base 11.
-1409710
Convert -12110111002 (base 3) to base 8.
-321774
-115694 (base 11) to base 12
-8a008
Convert 1066209 (base 10) to base 3.
2000011120020
Convert -266176 (base 12) to base 2.
-10011010011101101010
What is 15146c (base 15) in base 8?
3702055
Convert 284455 (base 9) to base 6.
3420552
What is -81113 (base 10) in base 13?
-2abc6
Convert -8661 (base 15) to base 6.
-335401
Convert -9973 (base 12) to base 5.
-1020220
What is 8924cb (base 14) in base 9?
8674145
Convert -100101100110011010101 (base 2) to base 7.
-13321041
-356292 (base 10) to base 14
-93bb6
Convert 1611263 (base 7) to base 8.
660302
What is -340062 (base 10) in base 4?
-1103001132
Convert be153 (base 16) to base 9.
1416007
What is -15333031 (base 6) in base 16?
-841ab
Convert -86088 (base 10) to base 13.
-30252
What is 3d6986 (base 15) in base 14?
570323
Convert 1631d (base 16) to base 5.
10402114
What is -1607302 (base 8) in base 2?
-1110000111011000010
Convert 2011012201120 (base 3) to base 10.
1145787
What is -b70332 (base 13) in base 2?
-10000010110000100011010
Convert -e828 (base 16) to base 13.
-21089
Convert -2424033 (base 5) to base 4.
-23013032
Convert 2080036 (base 9) to base 5.
241143103
Convert -1010110000100011 (base 2) to base 11.
-30121
Convert 5536d4 (base 15) to base 13.
ac2976
5514053 (base 6) to base 15
56453
87ae (base 15) to base 7
146534
-3228005 (base 9) to base 15
-243005
-101101111010100010011011 (base 2) to base 6
-1105551215
10010222000 (base 3) to base 7
345402
-21ca6 (base 16) to base 15
-2b021
Convert -1640361 (base 7) to base 15.
-47990
What is a8dd6 (base 14) in base 13?
11412b
Convert 14066f (base 16) to base 8.
5003157
-20166566 (base 7) to base 8
-6322412
-169a169 (base 11) to base 6
-141443514
111120022101 (base 3) to base 10
267040
What is -1131532 (base 6) in base 13?
-20972
220442214 (base 5) to base 12
39b489
Convert -30710 (base 15) to base 5.
-14402330
What is -36657 (base 11) in base 4?
-30313121
Convert -22323012220 (base 4) to base 2.
-1010111011000110101000
-490239 (base 13) to base 2
-110101001011100001111
5824272 (base 10) to base 15
7a0a9c
11111110000010 (base 2) to base 8